 - 516 = 0. Let k = f - -102. Calculate the remainder when 459 is divided by k.
11
Suppose 0 = 34*g + 6*g - 120. Calculate the remainder when 0 - (-9 + (1 - -1)) is divided by g.
1
Suppose -5*g + 4*n + 14 = 0, 4*g - 4*n - 4 = 4. Suppose 4*z + 204 = -3*f - 45, 2*f + g = 0. Let h = -43 - z. What is the remainder when 64 is divided by h?
13
Suppose -5*y = 15, -2*v - 194*y = -189*y - 4299. What is the remainder when v is divided by 108?
105
What is the remainder when 1226 is divided by 252/133 - 2 - ((-26208)/(-152))/(-4)?
22
Suppose -99 = -r - 5*u, -3*r + 2*u = -204 - 59. What is the remainder when r is divided by 20/(-24) - (70/252)/((-6)/342)?
14
Let i = -17712 + 17821. Calculate the remainder when 434 is divided by i.
107
Let l(o) = o**2 + 66*o + 2996. Calculate the remainder when l(0) is divided by 75.
71
Let a be (-3)/(12/(-10))*(-24)/(-60). Let p = 33 - a. What is the remainder when 125 is divided by p?
29
Suppose -23*g - 15 = -28*g. What is the remainder when (-4)/(((-40)/(-60))/(4/(-6))) is divided by g?
1
Suppose 3*p + 2 = 62. Let x(v) = 5*v**2 - 97*v - 7. Calculate the remainder when x(p) is divided by 3.
2
Suppose 15*t + 79 = a + 10*t, -3*t + 15 = 0. Calculate the remainder when a is divided by 47.
10
Let f be -211 + -1 + (-12)/3. Let q = 231 + f. What is the remainder when 37 is divided by q?
7
Let s = 25 - 13. Let k = 204 + -201. Suppose k*f - 124 = -4*z, 4*z + 4*f = 33 + 87. Calculate the remainder when z is divided by s.
10
Let v(w) = -21*w - 103. Calculate the remainder when v(-6) is divided by 9.
5
Calculate the remainder when (36/27)/(-1 + 0 + 1774/1770) is divided by 198.
194
Suppose 17*w = 46 - 29. Let v(q) = 28*q**2 + 15*q - 16. Suppose 0 = 4*g - 47 - 13. Calculate the remainder when v(w) is divided by g.
12
Let h = 17 + -7. Suppose -2 = 2*p - h, 2*p = -i + 91. What is the remainder when i is divided by (837 - 750)*2/6?
25
Suppose -315 = -5*z + 2*r, -5*r + 264 = 4*z - 9*r. Let b = 25 + -5. Calculate the remainder when z is divided by b.
1
Let v = 3592 - 3533. What is the remainder when 1651 is divided by v?
58
Suppose 430 + 38 = 4*h. Suppose -148 = -4*o + 5*l, -o = -6*o - 3*l + 148. What is the remainder when h is divided by o?
21
Suppose 4*h - 21 = -3*h. What is the remainder when ((-1)/h)/(((-8)/2)/2028) is divided by 57?
55
Let r = -43 + 51. Suppose 15 = r*v - 49. What is the remainder when 27 is divided by v?
3
What is the remainder when -12*14/(896/(-2992)) is divided by 179?
24
Suppose 3307*a = -3*i + 3309*a + 77, 2*a = i - 39. Suppose -x = -5*x + 852. Calculate the remainder when x is divided by i.
4
Suppose -9*g + 12*g = 3*u + 339, -4*u + 619 = 5*g. Calculate the remainder when 357 is divided by g.
0
Let d(m) = -11 + 124 + 44 + 63 - 4 - 18*m. Calculate the remainder when d(5) is divided by 0/1 + -1 + 27.
22
Suppose -13 = -2*s - 15, -2*o + 21 = -3*s. Suppose 0 = 5*w + 42 + 123. Let z = w + 49. What is the remainder when z is divided by o?
7
Calculate the remainder when 6/11 + (21711984/462)/19 is divided by 33.
32
Let s = -185 + 232. Suppose -m - m = 62. Let a = m + 55. Calculate the remainder when s is divided by a.
23
Let p(r) = -2*r + 4. Let x be p(-3). Suppose -10 = -4*k - 2*f, x = 3*k + 5*f - f. What is the remainder when (1/(-2))/(29/(-39150)*75) is divided by k?
1
Suppose -63*n + 54*n - 567 = 0. Calculate the remainder when (-432)/(-63)*n/(-9) is divided by 46.
2
Let w(m) = -3*m**2 - 52*m - 7. Suppose -8 + 42 = -2*g. Calculate the remainder when 89 is divided by w(g).
9
Suppose -8*n + 3*g = -4*n + 216, n + 65 = -2*g. Calculate the remainder when (-519)/n + ((-4)/19)/2 is divided by 6.
3
Calculate the remainder when 552 is divided by ((-4)/(-14) - 222/(-7))/(20/60).
72
Let t = 1788 - 1759. Calculate the remainder when t is divided by 18.
11
Let u(d) = -8*d - 180. Let a be u(-27). Suppose -100 = -a*x + 1052. Calculate the remainder when x is divided by 28.
4
What is the remainder when ((-592)/48 - -13)*2490 is divided by 34?
28
Let x = -13 - -439. Calculate the remainder when x is divided by 87.
78
Let x be ((-10)/8)/((-25)/(-200)). Calculate the remainder when 66 is divided by (-118)/x - (-10)/50.
6
Let o = -1556 - -1657. Calculate the remainder when 1810 is divided by o.
93
Let s be 16 - (-7 + (-48)/(-8)). Suppose 2 - s = -3*h. What is the remainder when h is divided by 4?
1
Let u = 3636 + 4637. Suppose u = 29*o + 820. Calculate the remainder when o is divided by 13.
10
Let h(r) = -2*r**3 - 103*r**2 - 13*r + 297. Calculate the remainder when h(-52) is divided by 19.
10
Let x = -256 + 269. Suppose 10*d + 4 = 12*d. Calculate the remainder when 2/8*248/d is divided by x.
5
Calculate the remainder when (24324 + 27)*(-3)/(-9)*1 is divided by 58.
55
Calculate the remainder when ((-28)/18)/7 - 53376/(-108) is divided by 55.
54
Suppose 29*f - 10 = -10. Suppose -a + 22 = 2*u - f, -85 = -5*u + 5*a. Calculate the remainder when 361 is divided by u.
10
What is the remainder when 270 is divided by 1*(136/(-28) - -5) + 5784/84?
63
Let a(p) = p**3 + 6*p**2 + 7. Suppose -2*v - 1 = 9. Suppose -4*t - 477 = -9*t - 2*r, 3*t + 4*r = 289. What is the remainder when t is divided by a(v)?
31
Let f be ((-2)/(-5) - 36/40)*-18. Suppose 3*v = -k + 181, -7*k - 179 = -3*v - f*k. Calculate the remainder when v is divided by 16.
13
What is the remainder when (2155/(-20))/((-3)/12) is divided by 26?
15
What is the remainder when 649 is divided by -6 - 11764/(-85) - (-2)/(-5)?
121
Let r be ((-8)/14)/((-8)/28). Let s(a) = 2*a**3 - 3*a + 1. Let d(j) = 3*j**2 + 3*j + 4. Calculate the remainder when d(3) is divided by s(r).
7
Suppose 11226 = 32*r - 934. Let n = 397 - r. What is the remainder when 48 is divided by n?
14
Let h = -2092 + 2800. Calculate the remainder when h is divided by 23.
18
Let u be (8/(-10))/((-6)/15). Suppose 294 = -z + u*z. What is the remainder when z is divided by 75?
69
Let n = 329 + -309. What is the remainder when 4778 is divided by n?
18
Suppose -3*o = -14 + 2. Suppose 2*x - 208 = 4*f - f, -o = -f. Let b = -69 + x. Calculate the remainder when b is divided by 6.
5
Let c = -5 - -32. Let x = -9 + c. Suppose -1 + 4 = s, -s + 24 = 3*y. Calculate the remainder when x is divided by y.
4
Let p(k) be the second derivative of -k**5/20 + 7*k**4/12 + 7*k**3/6 + 5*k**2 - k. Calculate the remainder when -7 - (5 - (3 - -13)) is divided by p(8).
0
Let r be -2*(7/(-2) + 1). Let v = r + 69. Suppose u = z - 5*z + v, 0 = -2*z + 4*u + 28. Calculate the remainder when 51 is divided by z.
15
Let k be (1 - -4 - 2)/((-2)/174). Suppose 4*n - 100 = -2*y, 5*y + 140 = 4*n + 40. What is the remainder when n is divided by k/(-18) - 1/4*-2?
10
Let r(h) = -858*h + 10. Calculate the remainder when r(-2) is divided by 11.
10
Let b(q) = 39 + q + 0*q - 3*q. Suppose 5*n - 3*j - 139 = -71, 2*j + 41 = 3*n. Calculate the remainder when 36 is divided by b(n).
10
Suppose 35016 = -8*b - 11*b + 38075. What is the remainder when 3213 is divided by b?
154
Let u = -91 - -96. Suppose q - 71 = 2*j + 17, 4*q - u*j - 343 = 0. Calculate the remainder when q is divided by 30.
22
What is the remainder when 15310 is divided by 13*-1*3*(-110)/330?
9
Let n(b) = b**3 + 8*b**2 + 6*b - 2. Let f(y) = -y**3 + 5*y**2 - 2*y + 5. Let d be f(5). What is the remainder when n(d) is divided by (-175)/70*((-39)/15 + 1)?
3
Let m = 1009 + -414. Suppose 4*l - m = -5*q - 0*q, -q + 149 = l. Calculate the remainder when l is divided by 13.
7
Let g(m) = 24*m**2 + 4*m + 42. Let p = 28 + -32. Calculate the remainder when g(p) is divided by 46.
42
Suppose 2155 = -u + 2345. Calculate the remainder when u is divided by 37.
5
Let m be -479 - 0/(-1 - -8). Let w = -470 - m. What is the remainder when 69 is divided by w?
6
What is the remainder when 2100 is divided by (580 + -589)*-29*1/3?
12
Let z(m) = -m**2 - 13*m + 30. Suppose 11 = 4*d - 1. Suppose -d*w = -22 - 5. Calculate the remainder when z(-14) is divided by w.
7
What is the remainder when 59/(-295) - ((-6)/3 - (-22668)/(-15)) is divided by 138?
133
Suppose 32 + 24 = 2*b. Let a = -11 + b. What is the remainder when 12/(-2 + -2) - (-119 + -1) is divided by a?
15
Suppose -x + 0*x - 2*b = -378, 2*b = 2*x - 732. Calculate the remainder when (x/111)/(4/18) is divided by 11.
4
Suppose 12*n - 9*n - 12 = -3*z, -2*z + 14 = 4*n. Suppose n*m + 69 = 3*i, 2